5*r + 2*y. What is the remainder when 3 is divided by r?
0
Let u = 5 - 65. Let v be (12/10)/((-18)/u). Suppose v*c = 15 + 41. What is the remainder when c is divided by 3?
2
Suppose -2*j = -0*j. Suppose 2 = -b + 4*u, 5*u + 3 = 4*b - j. Suppose b*p + 25 - 79 = 0. What is the remainder when 52 is divided by p?
25
Let s be ((-24)/18)/(1/3). Let l be (-4)/(s - (0 - 3)). Suppose l*v - 36 = -8. What is the remainder when 20 is divided by v?
6
Let g be (-1)/3 + 1254/9. Suppose -g = -2*k + 123. Calculate the remainder when k is divided by 6.
5
Let m be (-1)/(0 + (-3)/9). Suppose 0 = -m*v, o + 2*v = 5*o. Let c = o + 15. What is the remainder when 28 is divided by c?
13
Suppose -u + 4*c = -102, 2 + 0 = -2*c. What is the remainder when u is divided by 20?
18
Let m = 132 - 90. Calculate the remainder when 133 is divided by m.
7
Suppose 4*x = 3*t - 595, 11*x - 12*x = 2*t - 382. What is the remainder when 402 is divided by t?
16
Suppose -5*v = -49 - 21. Let k(x) = -3 - 1 - 14*x + x**2 + 14. What is the remainder when 18 is divided by k(v)?
8
Calculate the remainder when 282 is divided by 18/6 + (-22 - -2)/(-2).
9
Suppose -4*f = -5*a + 32, 2*a - 4*f = -0*a + 20. Let s(i) = 5*i - 49. Calculate the remainder when s(14) is divided by a.
1
Suppose 84 = 4*h - 4*n + n, n = 4*h - 92. Let b = 42 - h. Calculate the remainder when 35 is divided by b.
17
Let m(i) = 18*i**3 + i**2 - i. Let j be m(1). Suppose 45 + j = 9*d. Let w(c) = -20*c. What is the remainder when w(-1) is divided by d?
6
Suppose 0 = 2*n - 3*r + r, 2*r = n + 3. Suppose 5*z - 2*a - 100 = 0, -a = 2*z + n*a - 40. What is the remainder when 58 is divided by z?
18
What is the remainder when (-3409)/(-21) - 10/30 is divided by 16?
2
Suppose -a + 6 = -2. Suppose -11*b + 348 = -235. What is the remainder when b is divided by a?
5
Suppose 4*h + 5 = -7. Let l = h + 7. Suppose -106 + 14 = -l*j. What is the remainder when 89 is divided by j?
20
Suppose 2*l + 27*l = 319. What is the remainder when 845 is divided by l?
9
Let n(a) = a**3 - 29*a**2 + 60*a - 57. Calculate the remainder when n(27) is divided by 105.
0
Let p = 1 + 3. Calculate the remainder when (-24)/45*-26 - (-1 - (-26)/30) is divided by p.
2
Let f = -26 + 41. Suppose 4*s + 15 = 9*s. Suppose 0*t + 36 = 3*t + 2*x, s*t - f = 5*x. Calculate the remainder when 28 is divided by t.
8
Let z(k) = -6*k - 8. Let u(i) = 5*i + 7. Let f(g) = -7*u(g) - 6*z(g). Let p = 11 - 3. What is the remainder when 11 is divided by f(p)?
4
Let s be (-328)/(-3) + (-18)/(-27). Let r = 151 - s. Calculate the remainder when 244 is divided by r.
39
Suppose 3*k = -2*m + 3, 3*k + 0*m - 2*m = 15. Suppose s = -0*s + k, -2*h = -s - 7. Suppose h*z - 23 - 67 = 0. What is the remainder when 51 is divided by z?
15
Suppose 2*q = -5*g + 83, 3*g - 35 = g + q. What is the remainder when 288 is divided by g?
16
Suppose -1 = 3*l - 16. Let x = 7 - l. Suppose -22 = -n + x. Calculate the remainder when n is divided by 9.
6
Suppose y - 66 = -5*n, -n - 3*n + 3*y = -49. Suppose -14*j = -n - 113. What is the remainder when 71 is divided by j?
8
Suppose -8*r + 505 = -327. Calculate the remainder when 214 is divided by r.
6
Let h(j) = -6*j**2 - 109*j + 249. Let v(d) = -d**2 - 22*d + 50. Let a(k) = 2*h(k) - 11*v(k). What is the remainder when 41 is divided by a(21)?
8
Let c(r) = -r**2 + 8*r - 18. Let t be c(6). What is the remainder when 3 is divided by (-2 + 0)*t/4?
0
Let v be 4/14 + 1775/35. Let l be (-1)/(-1) + 0 + -1. Suppose -3*o + l*o + v = 0. Calculate the remainder when o is divided by 9.
8
Suppose 8*t - 7*t = 26. Let k(q) = q**2 + q - 2. What is the remainder when t is divided by k(-4)?
6
Suppose b - 4*b + 135 = 2*k, 3*k - 213 = -b. What is the remainder when k is divided by 48?
24
Let h(z) = z**2 - 9*z + 25. What is the remainder when 73 + (2 - 3)/(-1) is divided by h(9)?
24
Suppose -d - 2*p - 31 + 62 = 0, -3*p + 9 = 0. Suppose -4*l + 5*o = 2*o - 52, 0 = 4*l + 2*o - 52. What is the remainder when d is divided by l?
12
Let o(t) = 5*t + 7. Let u be o(-5). Let r = -11 - u. Suppose r*n + 3*h - 34 = 3*n, 4*n + 4*h - 32 = 0. Calculate the remainder when 39 is divided by n.
9
Suppose 43 = g + 4*v, -68 = -3*g + 2*v + 89. Calculate the remainder when 1069 is divided by g.
49
Let o = 4 + 8. Let u = 29 - -2. Suppose -23 - u = -2*x + 2*b, 2*x - 38 = -2*b. Calculate the remainder when x is divided by o.
11
Let d = -187 + 425. Calculate the remainder when 238 is divided by d.
0
Let b be (1/1)/(19/(-855)). Let d = b + 66. What is the remainder when 62 is divided by d?
20
Let b(z) = 2*z**2 - 12*z - 73. Calculate the remainder when b(15) is divided by 34.
27
Suppose b - 5*m = 132, 428 = 4*b + 6*m - m. Calculate the remainder when b is divided by 33.
13
Let y be 4/(-30) - 976/(-120). Suppose 10*z - y = 6*z. What is the remainder when (-5)/(10/(-71))*z is divided by 18?
17
Let j be (-2)/1 - (-2)/2. What is the remainder when 8 is divided by (4/(5 - 1))/(j/(-6))?
2
Let m = -28 + 41. Suppose m*f - 134 = 425. Calculate the remainder when f is divided by 11.
10
Let c(x) = x**2 - 7*x + 17. Let f(w) = w**3 - 2*w**2 - 3*w + 5. Let p be f(5). Suppose -h = -6*h + p. Calculate the remainder when c(8) is divided by h.
12
Suppose i + 52 = -4*b + 5*b, b - 37 = 4*i. Let j = b + -8. Suppose 3*u - j + 7 = -4*p, -4*p = 4*u - 52. What is the remainder when 39 is divided by u?
9
Suppose 3*x = 4*t - 100, t - 4*x + 6 - 18 = 0. Let o = t + -6. Calculate the remainder when 43 is divided by o.
21
Let c(j) = -10*j - 2. Let a be c(3). Let d be ((-81)/(-12))/((-12)/a). Let u = 39 - d. Calculate the remainder when 60 is divided by u.
18
Let s(p) = 52*p**3 + p**2 - 7*p + 6. Suppose 0 = -b + 84 + 14. Suppose b - 8 = 5*c. Calculate the remainder when s(1) is divided by c.
16
Let d(b) = 5*b**2 - 3*b - 10. Let p be d(-4). Let m = p + -74. Calculate the remainder when 111 is divided by m.
7
Let i(f) = 15*f**2 + 2*f + 6. Suppose 4*n - 5*l - 190 = 0, 10*n - 8*n - 4*l = 92. What is the remainder when i(3) is divided by n?
47
Suppose -3*p = 1 - 13. Suppose -p*t + 9 = -t. Suppose 3*z + 0*h + 5*h = 63, 0 = t*h. Calculate the remainder when 39 is divided by z.
18
Let g = -53 - 57. Let j = -76 - g. Suppose 6 = -2*w + j. Calculate the remainder when w is divided by 4.
2
Let q be 0 - (-63 + -4 + -1). Suppose 4*x - 3*x - q = 0. What is the remainder when x is divided by 7?
5
Let d = -7106 + 7131. Suppose 184 = 2*g + 2*g. Suppose -148 = -2*t + g. Calculate the remainder when t is divided by d.
22
Suppose 214 + 1826 = 15*t. Calculate the remainder when t is divided by 35.
31
Let u(b) = 2*b**2 + 3*b - 29. What is the remainder when u(14) is divided by 125?
30
Suppose 40*j + 18630 = 121*j. What is the remainder when j is divided by 12?
2
Suppose 126 = 3*c + 33. Let k be (16/(-10))/((-2)/5). Suppose 48 = k*i - 20. Calculate the remainder when c is divided by i.
14
Let c = 2126 - 2112. Calculate the remainder when 1468 is divided by c.
12
Let l be 45/(-12)*2*12. Let y = 195 + l. What is the remainder when y is divided by 18?
15
Let s be 7 - 100 - (-2)/(-2). Let n = -52 - s. Calculate the remainder when n is divided by (-4 - -4) + 2 + 7.
6
Let c(o) = -10*o + 8. Let a be c(4). Let n = a + 63. Calculate the remainder when 88 is divided by n.
26
Suppose 3*x + 4*v = 25, -3*v = -2 - 1. Suppose -2*q + 113 = 3*h, 2*q = h - 2*h + 111. What is the remainder when q is divided by x?
6
Let a = 210 + -146. Suppose 2*m + 6 = 5*m. Calculate the remainder when a is divided by ((-3)/m)/(3/(-34)).
13
Suppose y = 3*r + 3*y - 46, -4*y = -20. Suppose 15 = -4*m + 9*m. Suppose 5*d - 42 = m*d. Calculate the remainder when d is divided by r.
9
Let o(n) = 2*n**2 - 6*n + 22. Let h(r) = 6*r**2 - 19*r + 65. Let l(w) = 6*h(w) - 17*o(w). What is the remainder when l(8) is divided by 26?
22
Suppose -5*w + 3*j + 16 = -5, -2*j = -5*w + 24. Suppose 531 + 45 = w*m. Suppose 0 = -2*c - 0*c + m. Calculate the remainder when c is divided by 17.
14
Suppose 72 = 39*i - 36*i. What is the remainder when i is divided by 17?
7
What is the remainder when (-12)/(-6) + 10*(-54)/(-12) is divided by 11?
3
Let z(d) = 0*d - 7*d - 2 + 8*d. Let u be z(4). What is the remainder when 53 is divided by (u - -1) + -7 + 32?
25
Suppose 0 = -x + 1 - 2. What is the remainder when 106 is divided by 16 + 1 + 0 - x?
16
Let r = 